 6*j - 3*j = -6. List the prime factors of x(j).
17
Let c = 15 - 36. What are the prime factors of (-2)/(-7) - 57/c?
3
Let w(d) = d**2 - 7*d. List the prime factors of w(10).
2, 3, 5
Suppose -4*w + 1200 = 2*w. List the prime factors of w.
2, 5
Suppose -u + 63 = -3*c - 146, -4*c - 5*u = 285. Let r = -49 - c. What are the prime factors of r?
3, 7
Let k be 3/(-3) - (0 - 3). Let d(u) be the third derivative of u**6/60 - u**5/30 - u**4/24 + u**3/6 + u**2. List the prime factors of d(k).
7
Let t be (-2)/(-6)*(-11 + 2). List the prime factors of 2 + 3 + 0 + t.
2
List the prime factors of (-2 - (-64)/28) + (-1634)/(-14).
3, 13
Let n(k) = k**3 + 12*k**2 + 12*k + 12. What are the prime factors of n(-7)?
173
Let d = -37 + 30. Suppose -13 = -0*l - l. Let u = d + l. List the prime factors of u.
2, 3
Let h(c) be the first derivative of 3*c**4/2 + c**3/3 - c**2/2 - 3. What are the prime factors of h(1)?
2, 3
Let h = -1 - -3. Suppose 0 = -5*i - h - 8. What are the prime factors of (-1 - 21)/i*1?
11
Let a(d) = 3*d**3 + d + 0*d**3 - 2*d**3. Let t be a(0). Suppose 18 + t = 2*h. What are the prime factors of h?
3
Let q = -20 - -38. Suppose -8*z + 10*z = q. What are the prime factors of z?
3
Let u(o) = o + 2. Let h be u(-5). List the prime factors of 21 + h/6*4.
19
Let m(x) = -3 + 3*x - 4*x + 0*x. Let q be m(-8). Suppose 0 = -t - u + 6, 4*u - 4 - 23 = -q*t. List the prime factors of t.
3
Suppose -111*d = -110*d - 157. What are the prime factors of d?
157
Suppose -z - 5 = -2*z. Suppose 0 = -0*x - z*x + 15. List the prime factors of x.
3
Suppose 5 = -4*g + 29. Suppose 2 = -2*v, -2*v + g = k - v. Suppose 2*r - k*r + 55 = 0. List the prime factors of r.
11
Suppose 0 = 3*p + p - 8. Suppose -3*g - 15 = -m - 2, -5*m + 26 = -p*g. List the prime factors of m.
2
Suppose 0 = -2*u, -5*f - 57 + 2 = 5*u. Let z = f - -26. Let j = 21 - z. List the prime factors of j.
2, 3
Suppose -272 = -3*k + 112. What are the prime factors of k?
2
List the prime factors of (4/(-10))/(10/(-100)).
2
Let g = -59 + 102. Let n be (0 - (2 - 3)) + g. List the prime factors of 2/3 - n/(-6).
2
Let f be 55/(-3) - 14/21. Let a = f + 37. What are the prime factors of a?
2, 3
Let s(d) = 20*d**2 - 3*d + 9. What are the prime factors of s(3)?
2, 3, 5
List the prime factors of 2/(-3) + (-6444)/(-27).
2, 7, 17
Let z(f) = f**2 - 5*f - 4. Let j be z(6). Suppose 0 = j*i + i - 78. Let k = 39 - i. List the prime factors of k.
13
Let v(b) = b + 8. Let k be v(-6). Suppose 2*i - 4*t = -0*i - 12, k*i = -4*t + 12. Let q = 9 + i. What are the prime factors of q?
3
Suppose 4*y + 50 = -5*n, 15 = -4*n - 2*y - 19. Let a(o) = -o. Let f be a(n). Suppose -2*c = -f*c + 20. What are the prime factors of c?
5
Suppose -6*q + 8*q - 24 = 0. What are the prime factors of q?
2, 3
Let n(x) = x**2 - 20*x + 22. What are the prime factors of n(20)?
2, 11
Let u(r) = r**2 + r. Suppose -1 = 3*v - 16. List the prime factors of u(v).
2, 3, 5
Suppose g - 6 = -1. Suppose -2*q - z = q - 12, q - 20 = g*z. List the prime factors of q.
5
Let x(n) = -n**3 + 2*n**2 - 2*n + 5. Let h be x(4). Let m = -9 - h. List the prime factors of m.
2, 13
Let r(s) = 2*s**2 + 24*s - 9. List the prime factors of r(7).
257
Suppose -7 = 5*p + 23. What are the prime factors of (p/(-5))/((-6)/(-20))?
2
Let x be 18/(1*-3)*-1. Suppose x*s + 110 = s. Let n = 33 + s. What are the prime factors of n?
11
Let j = -110 - -326. List the prime factors of j.
2, 3
Let i = 60 + -112. Let w = -31 - i. What are the prime factors of w?
3, 7
Suppose -4*a = -5*h + 14, -3*h - a = 2*a - 3. Let k(o) = o**3 - 3*o**2 + 3*o - 2. Let j be k(h). Suppose j*x + 15 = 5*x. List the prime factors of x.
3
Let g(z) = -2 + z**2 + 2*z**2 - 2*z**2 + 4*z + 7. Let p be g(-4). Suppose 5*s = -2*u + 36, 5*s - 48 = -p*u + 3*s. What are the prime factors of u?
2
Let m(j) = -j**3 + 7*j**2 + 8*j - 16. Suppose 0*y + 7 = y. List the prime factors of m(y).
2, 5
Let k(m) = -76*m + 5. List the prime factors of k(-2).
157
Suppose 0 = 6*g - 152 - 244. List the prime factors of g.
2, 3, 11
Let o = -6 + 4. What are the prime factors of (-2)/6*102/o?
17
Suppose 2*f - 5*g = -47, -2*g + 25 = -f + 2*g. Let l be (-6)/f + 159/7. Suppose -l = -5*n + 22. List the prime factors of n.
3
List the prime factors of (-4 - -3)*-25*1.
5
Let o = 2 - -22. What are the prime factors of o?
2, 3
Suppose 3*w - 3*n - 5 - 1 = 0, 0 = 3*w + n - 6. Let g = w + 3. What are the prime factors of g?
5
Let h(l) be the third derivative of l**6/40 - l**4/24 + l**2. What are the prime factors of h(1)?
2
Suppose -i - 2*u = -8, -2*i - 2*i + 20 = 4*u. Suppose 7*g - 145 = i*g. What are the prime factors of g?
29
Let x = 97 + -51. Let r(a) = 17*a - 1. Let w be r(2). Let h = x - w. What are the prime factors of h?
13
Let o(z) = 5*z - 2. Let q be o(3). Suppose 0 = p + 5 - q. What are the prime factors of p?
2
Suppose 32 = 4*o - 4*c, -o + 5*c - 16 = -3*o. Let y(r) = 2*r - 14. Let l(z) = -5*z + 43. Let w(s) = o*y(s) + 3*l(s). List the prime factors of w(-7).
2, 5
Let m = 4 + -2. Suppose -1 + 11 = m*v. Suppose -s + 7 = 2*x, 0*s + v*s = 2*x + 35. What are the prime factors of s?
7
Suppose -j + 20 = 3*d - 25, -4*d - 5*j = -71. Let x(y) = -y**3 + 3*y**2 + 6*y - 5. Let c be x(4). Let u = d + c. What are the prime factors of u?
17
Suppose -8*n + 864 = -4*n - 4*g, 2*n + g - 435 = 0. List the prime factors of n.
7, 31
Suppose -5*v = -0*v - 155. List the prime factors of v.
31
Let d = 47 - 7. List the prime factors of d.
2, 5
Suppose -7*k = -3*k - 164. What are the prime factors of k?
41
Let y(s) = s + 17. Let m be y(-9). Let o(t) = 2*t**2 + 3*t - 4. Let k be o(-4). Let j = k - m. List the prime factors of j.
2
Let s = -4 + 4. Suppose 5*o - 4*o - 26 = s. What are the prime factors of o?
2, 13
Let w = -7 + -6. Let t = -6 - w. List the prime factors of t.
7
Let g(s) = s - 20. Let j(d) = -d + 20. Let k(a) = 3*g(a) + 4*j(a). List the prime factors of k(0).
2, 5
Suppose 2*l = 2*m - 2*l - 72, m + l - 24 = 0. Let q = m - 4. Suppose 4*r = z + z - q, 4*z + 3*r = 70. List the prime factors of z.
2
Suppose 2*x = -20 + 104. List the prime factors of x.
2, 3, 7
Let w = 6 + 23. Let l = -7 - 9. Let m = w + l. What are the prime factors of m?
13
Suppose 0 = -5*n - 0*n - 2*j + 55, 0 = -n - 2*j + 11. What are the prime factors of n?
11
Let f(a) = a - 1. Let w be f(-2). List the prime factors of w*(-4)/12*53.
53
Let q(h) = -3*h**3 + 5*h**2 - 3*h - 1. Let j be q(3). Let g = j + 65. What are the prime factors of g?
19
Let j(t) = t**3 - 2*t**2 - 10*t - 8. Let r(a) = -a**3 + a**2 + 9*a + 7. Let w(z) = 3*j(z) + 4*r(z). What are the prime factors of w(-4)?
2, 3
Let b = 226 + -100. Suppose -k - b = -7*k. List the prime factors of k.
3, 7
Let p(o) = -o + 9. Let x be p(6). Let k = 0 + x. List the prime factors of k.
3
Suppose -x + 7 = -4*s + 2*x, -s + 3*x = -5. Let k(c) = -5*c. What are the prime factors of k(s)?
2, 5
Let b(d) = d**2 + d + 2. Let j(i) = i + 3. Let a be j(-3). Suppose 7 = 2*z + 5*l - 10, z - 4*l + 24 = a. List the prime factors of b(z).
2, 7
Let u be (-22)/(-6) + 6/(-9). Suppose u*d - 76 = d. List the prime factors of d.
2, 19
Let f = -12 - -7. Let a be 17/f + 6/15. Let l = 9 + a. What are the prime factors of l?
2, 3
Suppose -4*j = 4*k - 5*j - 290, 0 = 5*k + 3*j - 371. What are the prime factors of k?
73
Let o(n) = -n**2 + 10*n + 3. Let v be o(10). Suppose -16 = -2*b - 2*s + 10, -v*b + 4*s + 25 = 0. List the prime factors of b.
11
Suppose -7*j - 25 = -2*j, 0 = 4*y + 2*j - 10. Let c = y + 6. List the prime factors of c.
11
Suppose 91 = k - 3*w + 2*w, 0 = -3*w + 9. List the prime factors of k.
2, 47
Suppose -l + 219 = 2*l. What are the prime factors of l?
73
Suppose -18 = b - a, b + 38 = 3*a - 7*a. Let s = -22 - -10. Let d = s - b. List the prime factors of d.
2, 5
Suppose -g - g = 2*w - 86, g - 1 = 0. Suppose -j - c + w = 0, -3*j + 127 = 3*c - c. List the prime factors of j.
43
Suppose -3*q + 25 = 5*x, 0 = -5*q + 4*x + 11 + 6. Suppose 3 + q = 4*t. What are the prime factors of t?
2
Let q(m) = -17*m**3 - m**2 + 1. Let g be q(-1). Let l = 36 - g. List the prime factors of l.
19
Let g(b) = -b**2 - 4*b + 3. Let f be g(-4). List the prime factors of 12/f*2 - 2.
2, 3
Suppose -2*w = 2*w - 16. Suppose 0*y - w*y = -40. What are the prime factors of y?
2, 5
Let z(x) = -x**3 + 4*x + 3. Let l be z